11, 7209779
What are the prime factors of 93441473?
461, 202693
List the prime factors of 1350074623.
727, 1857049
List the prime factors of 319114256.
2, 19944641
List the prime factors of 74991531.
3, 449, 55673
List the prime factors of 222346256.
2, 11, 1263331
What are the prime factors of 40155319?
5639, 7121
What are the prime factors of 125799606?
2, 3, 929, 7523
List the prime factors of 195355395.
3, 5, 482359
What are the prime factors of 34665438?
2, 3, 5777573
What are the prime factors of 19540292?
2, 31, 37, 4259
What are the prime factors of 193290650?
2, 5, 7, 552259
List the prime factors of 261245533.
53, 4929161
List the prime factors of 75366170.
2, 5, 11, 23, 29789
What are the prime factors of 4427786312?
2, 79, 89, 223, 353
What are the prime factors of 48806659?
11, 107, 41467
List the prime factors of 89263865.
5, 281, 63533
What are the prime factors of 40229174?
2, 17, 1183211
What are the prime factors of 2051708395?
5, 11, 149, 250361
List the prime factors of 44693378.
2, 22346689
What are the prime factors of 55703653?
55703653
What are the prime factors of 3786075207?
3, 420675023
What are the prime factors of 139494709?
43, 181, 17923
List the prime factors of 5775836038.
2, 7, 23, 83, 216113
What are the prime factors of 5934840319?
79, 75124561
What are the prime factors of 428605197?
3, 5749, 24851
List the prime factors of 69111129.
3, 23037043
List the prime factors of 483476323.
11, 2213, 19861
What are the prime factors of 835282651?
7, 23, 5188091
List the prime factors of 362506896.
2, 3, 61, 41269
List the prime factors of 8727719.
7, 11, 13, 8719
What are the prime factors of 108986326?
2, 47, 1159429
List the prime factors of 1225381993.
11, 89, 1251667
What are the prime factors of 261543946?
2, 17, 7692469
List the prime factors of 1382484506.
2, 13, 17, 23, 239, 569
List the prime factors of 583757594.
2, 7, 17, 43, 57041
What are the prime factors of 207539366?
2, 17, 6104099
List the prime factors of 5637782.
2, 67, 42073
What are the prime factors of 52185810?
2, 3, 5, 1123, 1549
List the prime factors of 1493271819.
3, 13, 347, 36781
What are the prime factors of 80081435?
5, 7, 326863
List the prime factors of 2726706914.
2, 2381, 572597
List the prime factors of 146156242.
2, 17, 4298713
What are the prime factors of 43858133?
11, 67, 59509
List the prime factors of 1030754380.
2, 5, 2089, 24671
What are the prime factors of 1326637012?
2, 827, 401039
What are the prime factors of 457352792?
2, 13, 23, 263, 727
List the prime factors of 2568800656.
2, 79, 457, 4447
What are the prime factors of 181182644?
2, 3539, 12799
List the prime factors of 1610936644.
2, 821, 490541
What are the prime factors of 2072015416?
2, 1427, 181501
List the prime factors of 20892903.
3, 41, 59, 2879
What are the prime factors of 6329867142?
2, 3, 17, 1609, 38569
What are the prime factors of 2780343778?
2, 17, 81774817
List the prime factors of 215210790.
2, 3, 5, 797077
What are the prime factors of 616161236?
2, 154040309
What are the prime factors of 90345499?
1031, 87629
List the prime factors of 14742440.
2, 5, 29, 71, 179
List the prime factors of 39274747.
39274747
List the prime factors of 142579644.
2, 3, 71, 2357
What are the prime factors of 424510733?
424510733
List the prime factors of 151703909.
7, 487, 44501
List the prime factors of 74164656.
2, 3, 1545097
What are the prime factors of 325931076?
2, 3, 37, 179, 1367
What are the prime factors of 130217897?
59, 971, 2273
List the prime factors of 2251572769.
17, 41, 61, 52957
What are the prime factors of 3639518925?
3, 5, 7, 43, 263, 613
What are the prime factors of 103317851?
7, 13, 71, 15991
List the prime factors of 2524375027.
271, 9315037
What are the prime factors of 2701176262?
2, 463, 2917037
List the prime factors of 47567632.
2, 7, 17, 43, 83
List the prime factors of 403276726.
2, 29, 271, 25657
List the prime factors of 698650986.
2, 3, 11, 10585621
List the prime factors of 831115162.
2, 415557581
List the prime factors of 898923825.
3, 5, 73, 2027
List the prime factors of 18257670.
2, 3, 5, 19, 3559
List the prime factors of 49383104.
2, 109, 7079
List the prime factors of 85340161.
193, 442177
What are the prime factors of 168848888?
2, 13, 23, 70589
List the prime factors of 278357003.
278357003
What are the prime factors of 58587115?
5, 11717423
What are the prime factors of 1255482232?
2, 17, 23, 53, 7573
What are the prime factors of 28162970?
2, 5, 11, 503, 509
What are the prime factors of 14275403?
19, 61, 109, 113
What are the prime factors of 82089934?
2, 3623, 11329
What are the prime factors of 151569120?
2, 3, 5, 337, 937
List the prime factors of 1413282575.
5, 56531303
What are the prime factors of 468984643?
468984643
What are the prime factors of 182603046?
2, 3, 3067, 9923
List the prime factors of 218618427.
3, 19, 23, 103, 1619
List the prime factors of 72886907.
19, 3836153
List the prime factors of 67353256.
2, 47, 271, 661
List the prime factors of 45159432.
2, 3, 139, 13537
List the prime factors of 390518509.
17, 229, 100313
List the prime factors of 88873183.
7, 79, 160711
List the prime factors of 9026285.
5, 283, 6379
What are the prime factors of 127406725?
5, 37, 137737
List the prime factors of 56382284.
2, 7, 2013653
What are the prime factors of 3496294559?
653, 5354203
List the prime factors of 854763120.
2, 3, 5, 89, 13339
List the prime factors of 49720239.
3, 29, 197, 967
List the prime factors of 688538700.
2, 3, 5, 765043
List the prime factors of 63600990.
2, 3, 5, 271, 7823
What are the prime factors of 210430124?
2, 5683, 9257
List the prime factors of 21415804.
2, 29, 353, 523
List the prime factors of 583906935.
3, 5, 38927129
List the prime factors of 250391594.
2, 125195797
List the prime factors of 4219902507.
3, 1406634169
List the prime factors of 351401129.
351401129
What are the prime factors of 495842758?
2, 247921379
What are the prime factors of 7012807476?
2, 3, 31, 18851633
List the prime factors of 58443180.
2, 3, 5, 974053
What are the prime factors of 119816702?
2, 59908351
What are the prime factors of 1145883047?
41, 223, 125329
List the prime factors of 124924525.
5, 11, 19, 23909
What are the prime factors of 1321084557?
3, 13, 23, 490927
List the prime factors of 835662956.
2, 23, 29, 293, 1069
List the prime factors of 88710539.
17, 1063, 4909
List the prime factors of 50210355.
3, 5, 13, 257489
List the prime factors of 68774173.
13, 113, 46817
What are the prime factors of 1098113730?
2, 3, 5, 7, 5229113
What are the prime factors of 1916383897?
23, 59, 1412221
What are the prime factors of 475482983?
61, 7794803
What are the prime factors of 96104331?
3, 47, 67, 3391
What are the prime factors of 932669541?
3, 103629949
List the prime factors of 195161136.
2, 3, 4065857
List the prime factors of 88459300.
2, 5, 884593
What are the prime factors of 250015029?
3, 11, 43, 176191
What are the prime factors of 1666559907?
3, 29, 31, 68659
What are the prime factors of 223788754?
2, 7, 15984911
What are the prime factors of 132215813?
19, 383, 18169
What are the prime factors of 3247990908?
2, 3, 23, 191, 61613
What are the prime factors of 300113867?
23, 567323
What are the prime factors of 365221034?
2, 182610517
List the prime factors of 1516714468.
2, 379178617
List the prime factors of 447061318.
2, 11, 20320969
List the prime factors of 862002342.
2, 3, 47889019
What are the prime factors of 2518537967?
11, 228957997
What are the prime factors of 48811317?
3, 199, 81761
What are the prime factors of 45308710?
2, 5, 4530871
List the prime factors of 1467453405.
3, 5, 11, 877, 10141
What are the prime factors of 434727158?
2, 47, 4624757
List the prime factors of 4728606003.
3, 11, 67, 712891
List the prime factors of 89770587.
3, 23, 1301023
What are the prime factors of 29938976?
2, 935593
List the prime factors of 142660711.
751, 189961
List the prime factors of 120652566.
2, 3, 20108761
What are the prime factors of 109625644?
2, 27406411
List the prime factors of 51097783.
11, 19, 109, 2243
List the prime factors of 2972408585.
5, 594481717
What are the prime factors of 73059392?
2, 7, 23297
What are the prime factors of 62907848?
2, 1291, 6091
List the